4?
4
What is the ten thousands digit of 23342820?
4
What is the millions digit of 19380023?
9
What is the hundred thousands digit of 49161484?
1
What is the units digit of 180600640?
0
What is the millions digit of 723196011?
3
What is the millions digit of 2077516428?
7
What is the hundred millions digit of 539764023?
5
What is the ten millions digit of 8553682873?
5
What is the units digit of 612544417?
7
What is the thousands digit of 1056042216?
2
What is the ten thousands digit of 120810158?
1
What is the ten thousands digit of 183784209?
8
What is the ten millions digit of 5680489703?
8
What is the ten thousands digit of 506623?
0
What is the ten millions digit of 209947347?
0
What is the millions digit of 645928652?
5
What is the ten millions digit of 14804139?
1
What is the millions digit of 268211795?
8
What is the hundreds digit of 221163769?
7
What is the ten millions digit of 16654999?
1
What is the millions digit of 2135603991?
5
What is the hundred thousands digit of 1043551758?
5
What is the tens digit of 354037211?
1
What is the hundred millions digit of 686749352?
6
What is the millions digit of 1011998174?
1
What is the units digit of 1495815286?
6
What is the hundred thousands digit of 796515567?
5
What is the hundreds digit of 537659402?
4
What is the millions digit of 111672111?
1
What is the hundred thousands digit of 39902204?
9
What is the units digit of 1126749406?
6
What is the hundred thousands digit of 124385536?
3
What is the hundred millions digit of 261361262?
2
What is the billions digit of 5276489127?
5
What is the tens digit of 112413290?
9
What is the hundreds digit of 346920286?
2
What is the tens digit of 118494028?
2
What is the hundred millions digit of 418056264?
4
What is the ten millions digit of 1259875849?
5
What is the hundreds digit of 152360853?
8
What is the hundreds digit of 611256935?
9
What is the thousands digit of 1020613066?
3
What is the units digit of 72777887?
7
What is the thousands digit of 3926186140?
6
What is the units digit of 21527789?
9
What is the thousands digit of 90854990?
4
What is the hundreds digit of 497659497?
4
What is the millions digit of 62079179?
2
What is the thousands digit of 70149239?
9
What is the hundreds digit of 2144875?
8
What is the tens digit of 5646699642?
4
What is the hundred millions digit of 1133151040?
1
What is the millions digit of 23066496?
3
What is the hundred thousands digit of 41635655?
6
What is the millions digit of 225958237?
5
What is the tens digit of 2117832119?
1
What is the hundreds digit of 18391522?
5
What is the billions digit of 2884078395?
2
What is the ten millions digit of 15571222?
1
What is the hundreds digit of 35853239?
2
What is the ten thousands digit of 44536578?
3
What is the tens digit of 198611401?
0
What is the units digit of 46444175?
5
What is the thousands digit of 259124911?
4
What is the hundred thousands digit of 2840822688?
8
What is the hundred millions digit of 8858075960?
8
What is the millions digit of 7635126344?
5
What is the units digit of 3429721982?
2
What is the ten millions digit of 223408840?
2
What is the units digit of 6917714?
4
What is the thousands digit of 1665652092?
2
What is the hundred millions digit of 870596011?
8
What is the hundred millions digit of 738767696?
7
What is the hundred thousands digit of 44064214?
0
What is the thousands digit of 619491494?
1
What is the thousands digit of 4377913986?
3
What is the units digit of 464825704?
4
What is the thousands digit of 922573056?
3
What is the hundred thousands digit of 359105981?
1
What is the ten thousands digit of 83251489?
5
What is the hundred thousands digit of 1238543682?
5
What is the millions digit of 357432849?
7
What is the hundreds digit of 14488294?
2
What is the ten thousands digit of 34883857?
8
What is the hundreds digit of 48888106?
1
What is the ten thousands digit of 255808123?
0
What is the hundreds digit of 63991550?
5
What is the hundred millions digit of 189504816?
1
What is the thousands digit of 430635701?
5
What is the ten millions digit of 801311325?
0
What is the ten millions digit of 71763752?
7
What is the ten millions digit of 124262931?
2
What is the tens digit of 58625864?
6
What is the units digit of 9755930?
0
What is the millions digit of 385778832?
5
What is the thousands digit of 181467206?
7
What is the ten thousands digit of 39002835?
0
What is the hundred thousands digit of 94856633?
8
What is the hundreds digit of 34912709?
7
What is the millions digit of 41185142?
1
What is the ten thousands digit of 244971684?
7
What is the millions digit of 14038199?
4
What is the hundred thousands digit of 482449772?
4
What is the millions digit of 93832611?
3
What is the hundreds digit of 14075052?
0
What is the millions digit of 194060983?
4
What is the thousands digit of 3679430604?
0
What is the tens digit of 627101565?
6
What is the hundred thousands digit of 34287731?
2
What is the thousands digit of 2535610259?
0
What is the ten thousands digit of 41797897?
9
What is the ten thousands digit of 373510533?
1
What is the hundreds digit of 58454044?
0
What is the units digit of 85299301?
1
What is the tens digit of 34914771?
7
What is the hundred thousands digit of 340319977?
3
What is the hundreds digit of 186812066?
0
What is the millions digit of 135642914?
5
What is the millions digit of 45955017?
5
What is the tens digit of 72679121?
2
What is the units digit of 816695477?
7
What is the hundreds digit of 26363302?
3
What is the thousands digit of 47929013?
9
What is the thousands digit of 5547163787?
3
What is the ten millions digit of 14495550?
1
What is the hundred thousands digit of 6034033163?
0
What is the hundred millions digit of 4481153701?
4
What is the millions digit of 298064617?
8
What is the ten millions digit of 556323528?
5
What is the thousands digit of 103801742?
1
What is the thousands digit of 121092398?
2
What is the hundreds digit of 641201755?
7
What is the hundreds digit of 468729846?
8
What is the ten thousands digit of 102825399?
2
What is the hundreds digit of 15498937?
9
What is the thousands digit of 6889596632?
6
What is the thousands digit of 1070768181?
8
What is the tens digit of 7096077658?
5
What is the ten thousands digit of 278809529?
0
What is the millions digit of 20349952?
0
What is the tens digit of 25528804?
0
What is the hundreds digit of 35113748?
7
What is the thousands digit of 19205710?
5
What is the units digit of 32602385?
5
What is the millions digit of 3225073704?
5
What is the ten millions digit of 38253585?
3
What is the hundreds digit of 121636383?
3
What is the ten millions digit of 337515916?
3
What is the ten millions digit of 211162305?
1
What is the hundreds digit of 41660353?
3
What is the ten millions digit of 2118355255?
1
What is the ten millions digit of 1849301563?
4
What is the ten millions digit of 29125393?
2
What is the hundred thousands digit of 504599831?
5
What is the millions digit of 40019820?
0
What is the units digit of 2356803392?
2
What is the hundred thousands digit of 66802003?
8
What is the ten thousands digit of 1695430983?
3
What is the thousands digit of 3647988840?
8
What is the thousands digit of 89034308?
4
What is the units digit of 191423032?
2
What is the units digit of 394588997?
7
What is the units digit of 49927919?
9
What is the tens digit of 1032664607?
0
What is the hundred thousands digit of 26382780?
3
What is the hundred thousands digit of 311289053?
2
What is the tens digit of 399716820?
2
What is the units digit of 6809565762?
2
What is the thousands digit of 164345033?
5
What is the ten millions digit of 211545266?
1
What is the ten thousands digit of 234796462?
9
What is the hundred thousands digit of 164514644?
5
What is the units digit of 85365207?
7
What is the tens digit of 285338982?
8
What is the hundred thousands digit of 950871285?
8
What is the ten thousands digit of 113206434?
0
What is the hundreds digit of 3722403803?
8
What is the tens digit of 1187730691?
9
What is the units digit of 82516402?
2
What is the units digit of 552934769?
9
What is the millions digit of 180860126?
0
What is the tens digit of 69921087?
8
What is the tens digit of 4843706955?
5
What is the hundreds digit